Is 26009 composite?
True
Is 24907 a prime number?
True
Is 6911 composite?
False
Is 31669 a prime number?
False
Is 87337 a prime number?
True
Is 27831 a composite number?
True
Is 148514 composite?
True
Is 3481 composite?
True
Is 20018 a composite number?
True
Is 1841 composite?
True
Is 345503 prime?
False
Is 34313 a composite number?
False
Is 61599 composite?
True
Is 1754 a composite number?
True
Is 8663 prime?
True
Is 638767 prime?
True
Is 2179 composite?
False
Is 6295 prime?
False
Is 110521 a prime number?
False
Is 143 a prime number?
False
Is 128813 a composite number?
False
Is 1783 a composite number?
False
Is 223631 a prime number?
False
Is 30427 composite?
False
Is 4045 a composite number?
True
Is 469835 composite?
True
Is 17899 prime?
False
Is 164117 a prime number?
True
Is 60841 a composite number?
True
Is 29009 a prime number?
True
Is 3046 a composite number?
True
Is 334023 prime?
False
Is 95543 a composite number?
True
Is 2720713 a composite number?
False
Is 58013 prime?
True
Is 1213 prime?
True
Is 65339 a prime number?
False
Is 390527 a prime number?
True
Is 1103051 a prime number?
False
Is 4049 composite?
False
Is 2167 composite?
True
Is 21847 prime?
False
Is 38299 a composite number?
False
Is 98677 a composite number?
True
Is 53987 prime?
True
Is 1115 a composite number?
True
Is 91909 prime?
True
Is 192719 composite?
True
Is 2027 composite?
False
Is 253531 prime?
True
Is 48947 a composite number?
False
Is 982687 composite?
False
Is 19069 a composite number?
False
Is 1618171 a prime number?
False
Is 30863 a prime number?
False
Is 31127 prime?
False
Is 307243 composite?
False
Is 927893 prime?
False
Is 32831 a composite number?
False
Is 23006 prime?
False
Is 109121 a prime number?
True
Is 82003 prime?
True
Is 1541 a composite number?
True
Is 407567 a prime number?
True
Is 74339 prime?
False
Is 38543 a prime number?
True
Is 38593 composite?
False
Is 346169 a prime number?
True
Is 12811 a composite number?
True
Is 62669 prime?
False
Is 381607 a composite number?
False
Is 1497379 a prime number?
False
Is 41671 prime?
False
Is 145429 a composite number?
True
Is 48883 a composite number?
False
Is 89111 a composite number?
True
Is 1967 a prime number?
False
Is 13327 prime?
True
Is 812449 a composite number?
True
Is 6677 prime?
False
Is 8147 composite?
False
Is 235649 composite?
True
Is 233749 prime?
False
Is 2310067 a composite number?
False
Is 475771 composite?
True
Is 2799071 prime?
False
Is 64951 a prime number?
True
Is 1701767 prime?
True
Is 16901 a prime number?
True
Is 101081 a composite number?
False
Is 5039 prime?
True
Is 1801 a composite number?
False
Is 2617379 prime?
True
Is 48647 a prime number?
True
Is 116329 a composite number?
False
Is 181997 composite?
False
Is 596317 a prime number?
True
Is 16253 a prime number?
True
Is 307963 a composite number?
True
Is 15161 composite?
False
Is 31013 prime?
True
Is 706547 a prime number?
True
Is 216557 a composite number?
True
Is 4603 prime?
True
Is 29527 a composite number?
False
Is 279781 a composite number?
True
Is 2293 composite?
False
Is 6253891 prime?
False
Is 18833 prime?
False
Is 5557 prime?
True
Is 57997 composite?
True
Is 5581 composite?
False
Is 10183 composite?
True
Is 204583 a composite number?
False
Is 4321 prime?
False
Is 819563 composite?
False
Is 419 composite?
False
Is 146359 a prime number?
True
Is 68559 a composite number?
True
Is 355379 a prime number?
True
Is 259918 a composite number?
True
Is 190607 prime?
True
Is 72669 composite?
True
Is 25287 prime?
False
Is 5317 a composite number?
True
Is 54523 composite?
True
Is 1090501 a composite number?
True
Is 34123 a composite number?
False
Is 6208295 prime?
False
Is 17341 a composite number?
False
Is 522701 composite?
True
Is 13835 a prime number?
False
Is 14999 a composite number?
True
Is 84299 a composite number?
False
Is 238529 a composite number?
False
Is 1251157 prime?
True
Is 7507 composite?
False
Is 53467 prime?
False
Is 8807 composite?
False
Is 90547 composite?
False
Is 51361 a composite number?
False
Is 22307 a composite number?
False
Is 692641 a prime number?
True
Is 1993939 prime?
False
Is 324293 a prime number?
True
Is 14699 a composite number?
False
Is 468383 composite?
True
Is 155577 a composite number?
True
Is 350347 a composite number?
False
Is 49103 composite?
False
Is 2395 composite?
True
Is 139489 a composite number?
True
Is 20123 composite?
False
Is 94803 prime?
False
Is 3160369 a prime number?
True
Is 7121 a composite number?
False
Is 1847 a composite number?
False
Is 14699 a prime number?
True
Is 102815 a prime number?
False
Is 137909 a composite number?
False
Is 1333331 prime?
True
Is 18169 prime?
True
Is 365159 prime?
True
Is 582299 composite?
False
Is 15017 prime?
True
Is 298271 composite?
True
Is 10079 a composite number?
False
Is 56273 a composite number?
True
Is 895081 a prime number?
False
Is 613 composite?
False
Is 36541 composite?
False
Is 47017 a prime number?
True
Is 2349419 a composite number?
False
Is 2590349 a prime number?
True
Is 6326 composite?
True
Is 3793 a composite number?
False
Is 2477 prime?
True
Is 171805 prime?
False
Is 99559 a composite number?
False
Is 638143 a prime number?
False
Is 865609 a composite number?
False
Is 314537 a prime number?
False
Is 42623 prime?
False
Is 272477 prime?
True
Is 67315 a composite number?
True
Is 63741 a prime number?
False
Is 345299 composite?
True
Is 623 composite?
True
Is 26083 a prime number?
True
Is 1065473 a composite number?
True
Is 5381 prime?
True
Is 1367819 a composite number?
False
Is 10315 a prime number?
False
Is 56629 composite?
False
Is 6863 a prime number?
True
Is 14738 composite?
True
Is 74317 composite?
False
Is 929 a composite number?
False
Is 5854 prime?
False
Is 175619 composite?
True
Is 18553 a prime number?
True
Is 19361 a prime number?
False
Is 7789 a composite number?
False
Is 39811 composite?
True
Is 198377 a prime number?
True
Is 71411 a composite number?
False
Is 5323 a prime number?
True
Is 65735 a composite number?
True
Is 1023461 prime?
True
Is 153298 a composite number?
True
Is 44779 a composite number?
True
Is 3904801 prime?
True
Is 3463 a composite number?
False
Is 125737 prime?
True
Is 348962 prime?
False
Is 5207 prime?
False
Is 264371 a composite number?
False
Is 5501 a prime number?
True
Is 21439 a composite number?
True
Is 2269934 a composite number?
True
Is 3749 a prime number?
False
Is 16838 a prime number?
False
Is 314729 a composite number?
True
Is 12499 prime?
False
Is 517 a prime number?
False
Is 124283 composite?
True
Is 256699 a prime number?
True
Is 47761 prime?
False
Is 4201 a prime number?
True
Is 64399 a prime number?
True
Is 291481 prime?
True
Is 93679 prime?
False
Is 419 composite?
False
Is 44071 a composite number?
False
Is 25771 a composite number?
False
Is 3643 prime?
True
Is 6103 composite?
True
Is 48731 composite?
False
Is 1399 a composite number?
False
Is 262261 prime?
True
Is 82799 a composite number?
False
Is 163771 a composite number?
False
Is 502601 composite?
True
Is 6761 prime?
True
Is 825787 a prime number?
False
Is 121115 composite?
True
Is 1679 composite?
True
Is 2972751 composite?
True
Is 1630441 composite?
False
Is 2709767 prime?
True
Is 1801 prime?
True
Is 8779 composite?
False
Is 9233 a composite number?
True
Is 13159 a prime number?
True
Is 16787 a prime number?
True
Is 11239 composite?
False
Is 8069 composite?
False
Is 56557 composite?
True
Is 56051 prime?
False
Is 405089 a composite number?
False
Is 1709 composite?
False
Is 1210123 composite?
False
Is 35591 a composite number?
False
Is 261341 composite?
True
Is 33391 composite?
False
Is 28091 a prime number?
False
Is 8209 a composite number?
False
Is 9523 prime?
False
Is 2039 a prime number?
True
Is 55507 prime?
False
Is 22381 a prime number?
True
Is 96377 prime?
True
Is 22229 composite?
False
Is 3407 a prime number?
True
Is 48839 a prime number?
False
Is 16439 composite?
True
Is 23369 a composite number?
False
Is 14623 a composite number?
True
Is 82213 a prime number?
False
Is 887 a composite number?
False
Is 627043 composite?
True
Is 21977 a composite number?
False
Is 1335221 composite?
True
Is 21799 prime?
True
Is 62897 a prime number?
True
Is 763 a prime number?
False
Is 956119 prime?
True
Is 512009 composite?
F